7). Let b be (-16)/(4/(0 + j)). Calculate the remainder when 59 is divided by o(b).
11
Let a(u) = 2*u**3 - 2*u**2 - u - 2. Suppose -g - 2*m + 4 = 0, 1 = 4*g - 5*g - 3*m. Calculate the remainder when g is divided by a(2).
2
Let n = -40 - -44. Suppose n*i + g = 35, 7*i - g - 37 = 2*i. Calculate the remainder when 20 is divided by i.
4
Let j(z) = -9*z**3 + 10*z**2 + 13*z + 16. Let a(b) = 5*b**3 - 5*b**2 - 7*b - 8. Let m(c) = 11*a(c) + 6*j(c). What is the remainder when 5 is divided by m(-5)?
2
Suppose x = -0*x + 27. Let o = -45 - -45. Suppose o = 16*w - 5*w - 77. What is the remainder when x is divided by w?
6
Suppose -5*a + 3*o - 4*o + 648 = 0, -5*o = a - 144. What is the remainder when a is divided by 48?
33
Let g = 22 + -2. Let f = g + -16. Suppose -55 = -q - f*q. Calculate the remainder when q is divided by 7.
4
Calculate the remainder when 43 is divided by (-4 + (-36)/(-8))*-13*-4.
17
Let f(z) = 3*z + 16. Let n be f(-15). Let v = n - -46. What is the remainder when 50 is divided by v?
16
Calculate the remainder when (44 - 3)/((-4)/(-12)) is divided by 16.
11
Let r(a) = -a**2 + 20*a - 53. What is the remainder when r(4) is divided by 9?
2
Let d = 717 - 568. What is the remainder when d is divided by 44?
17
Let a(z) = 23*z + 3. Let s be a(-2). Let r = -29 - s. Calculate the remainder when 26 is divided by r.
12
Suppose 31*l - 5759 = 14329. Calculate the remainder when l is divided by 11.
10
Let l(u) = 3*u + 5. Let p(j) = j. Suppose -29 - 59 = -4*v. Let t(g) = v*p(g) - 2*l(g). Calculate the remainder when t(4) is divided by 28.
26
Let w = 1162 + -1137. What is the remainder when 396 is divided by w?
21
What is the remainder when 1 - 7 - ((9 - 3) + -186) is divided by 32?
14
Suppose 3*f - 2*f - 32 = -2*d, -4*f = -2*d - 138. What is the remainder when f is divided by 21?
13
Let q be (-20)/60*1*-9. Suppose -x = -2*s + 3 + 17, q*s + 4*x - 30 = 0. Calculate the remainder when 19 is divided by s.
9
Let t be (-54)/(-10) - (-12)/(-30). Suppose -4*l + 5*s - 2 = 3, -t*l + 5*s = 0. Let z = l - -6. Calculate the remainder when 20 is divided by z.
9
Let f = 25 - 17. Calculate the remainder when 12 is divided by (-114)/(-15) - f/(-20).
4
What is the remainder when 446 is divided by ((-375)/25)/((-3)/10)?
46
What is the remainder when 3/(18/1938) + (6 - 3) is divided by 41?
39
Calculate the remainder when 132 is divided by (14 - -4)/6 + 8.
0
Suppose 1 = -q, 44*z - 42*z + 3*q - 57 = 0. What is the remainder when z is divided by 16?
14
Let h = 37 + -15. Suppose 433 = 3*n - 869. Suppose 2*r - 93 = 5*k + 84, 0 = 5*r - 4*k - n. What is the remainder when r is divided by h?
20
Suppose 8*j = 247 + 89. Suppose -h = -0 - j. Let q(k) = 2*k**2 + 3*k - 5. Calculate the remainder when h is divided by q(-4).
12
Suppose -4*m + 21 - 1 = 0. Suppose -5*t + 35 + 15 = -5*j, 5*t - 53 = 2*j. Suppose b = -m + t. Calculate the remainder when 20 is divided by b.
2
Suppose 0 = -5*z - 4*b + 541, -3*z = 4*b - 501 + 178. What is the remainder when 338 is divided by z?
11
Let o = -87 + 101. Calculate the remainder when 12/(-28) - (-34)/o is divided by 2.
0
Let d(y) = 4*y**2 - y - 1. Suppose 4*r - 15 = -p, 4*r - 17 = -4*p + 19. Calculate the remainder when (12/7 - 0)/(2/p) is divided by d(-1).
2
Let n(p) = -p**3 - 11*p**2 - 12*p - 14. Let i = -54 + 77. Calculate the remainder when i is divided by n(-10).
5
Let a = -1556 - -1602. Calculate the remainder when 273 is divided by a.
43
Let a(d) = -50*d - 107. Calculate the remainder when a(-5) is divided by 6.
5
Let l = -149 - -245. Suppose -k + 5*t + l = 0, k = -3*t + t + 103. Calculate the remainder when k is divided by 26.
23
Let l = 85 - 83. What is the remainder when 45 is divided by (l - 60/25)*-30?
9
Let n(o) = 30*o - 189. Calculate the remainder when 152 is divided by n(8).
50
Let f = 207 - 189. What is the remainder when 33 is divided by f?
15
Let q = 188 + -70. Calculate the remainder when 86 is divided by (q - -2)/5 - (-4)/(-2).
20
Let n(d) = -3*d - 11. Suppose 4*k - 60 = -k - 5*j, -3*k + 3*j = -66. Suppose -k - 12 = -o. What is the remainder when o is divided by n(-9)?
13
Suppose 40 = 2*f - 33*x + 34*x, 0 = -3*f - 5*x + 67. Suppose 2*t + 14 = 36. Calculate the remainder when f is divided by t.
8
Let s(m) = 62*m**2 - 3*m - 3. Calculate the remainder when s(-1) is divided by 24.
14
Suppose -2*o - 3*h = -46, o - 2 = -5*h + 7. Let q(g) = -6*g**3 - g**2 - 4*g - 1. Let l be q(3). Let d = -99 - l. Calculate the remainder when d is divided by o.
27
Suppose 1 = i - 1. Calculate the remainder when i - -22*3/2 is divided by 12.
11
Suppose -2*p + 9 = -3*p - 5*y, y + 2 = 0. Suppose z - 14 = -p. Suppose -2*j - 2 = -2*o, 3*o - 2*o = -5*j + 25. What is the remainder when z is divided by j?
1
Let r = 50 + -25. Calculate the remainder when 48 is divided by (-83)/(-5) + 10/r.
14
Suppose z + 9*z - 360 = 0. Calculate the remainder when 43 is divided by z.
7
Let k(w) = w**3 - w**2 + 12*w - 51. What is the remainder when k(4) is divided by 8?
5
Let z(o) = -22*o - 24. What is the remainder when z(-5) is divided by 54?
32
Suppose -153*h = -180*h + 729. Calculate the remainder when 322 is divided by h.
25
Let t(p) = p**2 + 2*p. Let q(j) = 12*j + 4. Let o(w) = w + 1. Let u(x) = -5*o(x) + q(x). Calculate the remainder when t(-5) is divided by u(1).
3
Let g = -32 - -15. Let l(n) = n**2 - 21*n + 42. Let j be l(17). Let z = g - j. Calculate the remainder when 35 is divided by z.
8
Suppose 0 = 2*c + 3*d - 578, -4*c + 187 + 949 = -4*d. What is the remainder when c is divided by 12?
10
Let q = 295 - 252. Suppose -65 = -5*m + 5*c, 6*m - 4*m + 2*c = 10. Calculate the remainder when q is divided by m.
7
Let y = 2019 + -1831. Suppose 310 = 5*m - 0*m. Suppose -6*l + y = m. What is the remainder when l is divided by 13?
8
Let y = 1592 + -1380. Calculate the remainder when y is divided by 46.
28
Suppose -7*f = -3703 + 476. Calculate the remainder when f is divided by 11.
10
Let n = 8316 + -8265. Suppose -3*b - a + 8 = -2*a, 2*b + 5*a - 28 = 0. Calculate the remainder when n is divided by b.
3
Suppose -s + 0*t = t - 1, 4 = -s + 4*t. Suppose -3*b + 2*r = -68 - 68, s = -5*r + 20. Calculate the remainder when b is divided by 18.
12
Let p(y) = 25*y**2 - 18*y - 1. What is the remainder when p(-6) is divided by 63?
62
Suppose -61*w = -60*w - 9. Let k = -30 + 52. Calculate the remainder when k is divided by w.
4
Suppose 0 = -2*v - 2*a + 78, -5*a - 27 + 96 = 2*v. Calculate the remainder when 251 is divided by v.
41
What is the remainder when (-104)/(-234)*333/2 is divided by 19?
17
Let l(w) = -4*w**2 + 18*w - 2. Suppose -13 = -17*s + 38. Calculate the remainder when 76 is divided by l(s).
12
Suppose -2*b = -3*w - 4 - 8, 3*w + 6 = 0. Calculate the remainder when (-2)/((b/33)/(7/(-7))) is divided by 10.
2
Suppose 5*w = 2*w + 24. Calculate the remainder when 695/20 - (-2)/w is divided by 9.
8
Let j(i) = -43*i + 3. Let p be j(1). Let w = p - -47. Calculate the remainder when 25 is divided by w.
4
Suppose -x = -2*t + 214 - 7, 0 = 4*t - 3*x - 417. What is the remainder when t is divided by 23?
10
Let n(d) = d**3 - 9*d**2 - 8*d + 4. Let c be n(10). Suppose -c*q = -21*q - 162. Calculate the remainder when q is divided by 31.
23
Let r(w) = w**2 + 7*w + 10. Let v be r(-3). Let i = v - -7. Calculate the remainder when 5 is divided by i.
0
Suppose 0 = 3*f - 0*f - 9. Let p be (-100)/(-8) + f/6. Calculate the remainder when 57 is divided by 5 + p - 6/2.
12
Let b = -913 + 979. Let m be (3 - 0) + 6/3. Suppose 0 = 3*t + j - 49, 4*j + 27 = m*t - 66. What is the remainder when b is divided by t?
15
Let b(l) = 6*l**3 - l + 1. Let f be b(1). Let n(z) = 6*z - 1. Let o(p) = -2*p. Let q(y) = -n(y) - 4*o(y). What is the remainder when 23 is divided by q(f)?
10
Suppose 4 = 4*n + 5*d, n = -3*d - 3 + 4. Calculate the remainder when 110 is divided by 1*(28 - (-1 + n)).
26
Let c(p) = -47*p - 1. Let r be c(2). Let d = 140 + r. Calculate the remainder when d is divided by 12.
9
Let t(f) = 3*f + 1. Let l(q) = -q + 1. Let a(d) = 4*l(d) - t(d). Suppose -81*n + 82*n - 47 = 0. Calculate the remainder when n is divided by a(-3).
23
Suppose -3*v = -3*y - 102, 2*y + 1 = 4*v - 57. What is the remainder when ((-6)/18)/(1/y) is divided by 15 - (-12)/(-4) - 4?
5
Let w(c) = -c**2 - 16*c + 20. Let z be w(-12). Let y = z +